{"id":7,"date":"2008-06-19T17:44:30","date_gmt":"2008-06-19T21:44:30","guid":{"rendered":"http:\/\/balado-montreal.espaceweb.usherbrooke.ca\/?page_id=7"},"modified":"2008-10-04T11:14:52","modified_gmt":"2008-10-04T15:14:52","slug":"lessai","status":"publish","type":"page","link":"https:\/\/balado-montreal.espaceweb.usherbrooke.ca\/?page_id=7","title":{"rendered":"Essai"},"content":{"rendered":"<p>L&rsquo;essai qui accompagne ce site se veut avant tout une r\u00e9flexion sur le rapport entre le patrimoine, l&rsquo;histoire publique et la diffusion des connaissances via la baladodiffusion. Il a pour objectif principal de d\u00e9montrer comment ce m\u00e9dium \u00e0 la popularit\u00e9 grandissante peut \u00eatre utilis\u00e9 pour diffuser le patrimoine au grand public.<\/p>\n<p>La premi\u00e8re partie expose le contexte de r\u00e9alisation du projet : d\u2019abord par un bilan historiographique de la diffusion de l\u2019histoire, suivi d\u2019un historique des diff\u00e9rents guides de visites du Vieux-Montr\u00e9al. La deuxi\u00e8me partie d\u00e9finit ce qu\u2019est la baladodiffusion, son histoire, de m\u00eame que ses avantages et son potentiel pour attirer une client\u00e8le diversifi\u00e9e. Il est ensuite expliqu\u00e9 en quoi ce m\u00e9dium est int\u00e9ressant dans le cadre d\u2019une visite autoguid\u00e9e du Vieux-Montr\u00e9al.  Finalement, la troisi\u00e8me partie d\u00e9crit le projet multim\u00e9dia r\u00e9alis\u00e9 (ce site Web). Cette section explore, en terminant, la possibilit\u00e9 d\u2019associer d\u2019autres technologies \u00e0 la baladodiffusion afin de bonifier l\u2019exp\u00e9rience des auditeurs.<\/p>\n<p><a href=\"https:\/\/balado-montreal.espaceweb.usherbrooke.ca\/doc\/essai_vanessa_blais.pdf\" target=\"_blank\">T\u00e9l\u00e9charger l&rsquo;essai complet (format pdf)<\/a><\/p>\n","protected":false},"excerpt":{"rendered":"<p>L&rsquo;essai qui accompagne ce site se veut avant tout une r\u00e9flexion sur le rapport entre le patrimoine, l&rsquo;histoire publique et la diffusion des connaissances via la baladodiffusion. Il a pour objectif principal de d\u00e9montrer comment ce m\u00e9dium \u00e0 la popularit\u00e9 grandissante peut \u00eatre utilis\u00e9 pour diffuser le patrimoine au grand public. La premi\u00e8re partie expose [&hellip;]<\/p>\n","protected":false},"author":3,"featured_media":0,"parent":0,"menu_order":0,"comment_status":"open","ping_status":"closed","template":"","meta":{"footnotes":""},"class_list":["post-7","page","type-page","status-publish","hentry"],"_links":{"self":[{"href":"https:\/\/balado-montreal.espaceweb.usherbrooke.ca\/index.php?rest_route=\/wp\/v2\/pages\/7","targetHints":{"allow":["GET"]}}],"collection":[{"href":"https:\/\/balado-montreal.espaceweb.usherbrooke.ca\/index.php?rest_route=\/wp\/v2\/pages"}],"about":[{"href":"https:\/\/balado-montreal.espaceweb.usherbrooke.ca\/index.php?rest_route=\/wp\/v2\/types\/page"}],"author":[{"embeddable":true,"href":"https:\/\/balado-montreal.espaceweb.usherbrooke.ca\/index.php?rest_route=\/wp\/v2\/users\/3"}],"replies":[{"embeddable":true,"href":"https:\/\/balado-montreal.espaceweb.usherbrooke.ca\/index.php?rest_route=%2Fwp%2Fv2%2Fcomments&post=7"}],"version-history":[{"count":0,"href":"https:\/\/balado-montreal.espaceweb.usherbrooke.ca\/index.php?rest_route=\/wp\/v2\/pages\/7\/revisions"}],"wp:attachment":[{"href":"https:\/\/balado-montreal.espaceweb.usherbrooke.ca\/index.php?rest_route=%2Fwp%2Fv2%2Fmedia&parent=7"}],"curies":[{"name":"wp","href":"https:\/\/api.w.org\/{rel}","templated":true}]}}