{"id":2,"date":"2008-06-05T14:27:05","date_gmt":"2008-06-05T18:27:05","guid":{"rendered":"http:\/\/balado-montreal.espaceweb.usherbrooke.ca\/?page_id=2"},"modified":"2008-06-19T18:00:22","modified_gmt":"2008-06-19T22:00:22","slug":"a-propos","status":"publish","type":"page","link":"https:\/\/balado-montreal.espaceweb.usherbrooke.ca\/?page_id=2","title":{"rendered":"\u00c0 propos&#8230;"},"content":{"rendered":"<h2>De quoi s&rsquo;agit-il ? <\/h2>\n<p>Ce site a \u00e9t\u00e9 r\u00e9alis\u00e9 par Vanessa Blais dans le cadre d&rsquo;un projet de ma\u00eetrise en histoire (avec concentration en production multim\u00e9dia) de l&rsquo;Universit\u00e9 de Sherbrooke. Il consiste en un exemple de visite guid\u00e9e par baladodiffusion pour le Vieux-Montr\u00e9al. La visite autoguid\u00e9e officielle du Vieux-Montr\u00e9al sugg\u00e8re 20 lieux d\u2019int\u00e9r\u00eats. Comme ce projet vise \u00e0 concevoir un exemple, la s\u00e9lection se limite \u00e0 deux sites et leurs b\u00e2timents importants: la place d\u2019Armes et la rue Sainte-H\u00e9l\u00e8ne. <\/p>\n<p>La place d\u2019Armes a \u00e9t\u00e9 choisie parce qu\u2019il s\u2019agit du c\u0153ur historique du Vieux-Montr\u00e9al : elle concentre sur un petit p\u00e9rim\u00e8tre des b\u00e2timents de toutes les p\u00e9riodes marquantes, du XVIIe au XXe si\u00e8cle. Elle est tr\u00e8s bien connue des touristes, mais ce qui l\u2019est moins c\u2019est la possibilit\u00e9 de visiter ce quartier de nuit et d\u2019admirer les divers \u00e9clairages qui visent \u00e0 mettre ces b\u00e2timents en valeur.<\/p>\n<p>La rue Sainte-H\u00e9l\u00e8ne est, quand \u00e0 elle, moins fr\u00e9quent\u00e9e par les visiteurs. Il serait donc int\u00e9ressant de la faire conna\u00eetre davantage, d\u2019autant plus qu\u2019elle t\u00e9moigne d\u2019une p\u00e9riode \u00e9conomique faste pour Montr\u00e9al avec ses magasins entrep\u00f4ts de la fin du XIXe si\u00e8cle et des 22 lanternes au gaz qui \u00e9clairent la rue. <\/p>\n<p> Les capsules s\u2019adressant \u00e0 un auditoire potentiellement international, elles pourraient \u00eatre disponibles en plusieurs langues, mais dans le cadre de ce projet elles ne seront con\u00e7ues qu\u2019en fran\u00e7ais. Afin de favoriser la participation du public, le site Web est de type <em>blog<\/em>, permettant ainsi aux internautes de commenter les capsules ou de faire part de leur exp\u00e9rience par \u00e9crit ou via un commentaire audio. <\/p>\n<h2>Pourquoi un audio-guide par baladodiffusion ?<\/h2>\n<p>Le quartier du Vieux-Montr\u00e9al est un endroit historique des plus riche. De la fondation de Montr\u00e9al il y a un peu plus de 350 ans \u00e0 nos jours, ce quartier a jou\u00e9 un r\u00f4le majeur aux niveaux social, \u00e9conomique, politique et culturel. L\u2019attrait principal du Vieux-Montr\u00e9al r\u00e9side dans ses nombreux vestiges et sites dits historiques bien pr\u00e9serv\u00e9s qui t\u00e9moignent  de l\u2019histoire non seulement de la m\u00e9tropole, mais aussi du Qu\u00e9bec et du Canada. Cela a permis de cr\u00e9er un m\u00e9lange g\u00e9n\u00e9ralement harmonieux o\u00f9 se c\u00f4toient des b\u00e2timents construit selon la tendance de leur \u00e9poque qu\u2019elle soit d\u2019influence fran\u00e7aise, britannique ou am\u00e9ricaine. C\u2019est ce qui fait du Vieux-Montr\u00e9al, baptis\u00e9e \u00e0 juste titre Cit\u00e9 historique, un endroit incontournable \u00e0 visiter. <\/p>\n<p>Un audio-guide par baladodiffusion s\u2019av\u00e8re une fa\u00e7on tr\u00e8s int\u00e9ressante et innovatrice d\u2019offrir des contenus historiques sur une nouvelle plate-forme. Ce moyen permet de faire une visite guid\u00e9e comme au mus\u00e9e, de fa\u00e7on tr\u00e8s flexible et autonome gr\u00e2ce \u00e0 l\u2018Internet, dans un lieu historique ext\u00e9rieur. Accessible et \u00e9conomique, la baladodiffusion  ne n\u00e9cessite qu\u2019un baladeur num\u00e9rique et une connexion Internet. Les grandes villes du monde et de nombreux mus\u00e9es se mettent \u00e0 la derni\u00e8re mode technologique en permettant aux internautes de transf\u00e9rer un audio-guide sur leur baladeur num\u00e9rique. On peut croire que d\u2019ici quelques ann\u00e9es, ce type de tourisme \u00e9voluera et deviendra un incontournable.<\/p>\n<p>Ce type d&rsquo;audio-guide pourrait ainsi permettre d\u2019attirer et fid\u00e9liser une client\u00e8le diff\u00e9rente, par exemple : des visiteurs plus jeune, \u00e0 l\u2019aise avec la technologie, des personnes \u00e0 la recherche de nouvelles exp\u00e9riences, les voyageurs solo, ou tout simplement ceux qui ne sont pas tent\u00e9s par les visites guid\u00e9es en groupe. La visite guid\u00e9e par baladodiffusion pourrait aussi int\u00e9resser le milieu scolaire, que ce soit pour des visites de groupes avec un enseignant ou pour les travaux d\u2019\u00e9tudiants. <\/p>\n<p><a href=\"mailto:vanessa.blais@usherbrooke.ca\">Contacter l&rsquo;auteur<\/a><\/p>\n","protected":false},"excerpt":{"rendered":"<p>De quoi s&rsquo;agit-il ? Ce site a \u00e9t\u00e9 r\u00e9alis\u00e9 par Vanessa Blais dans le cadre d&rsquo;un projet de ma\u00eetrise en histoire (avec concentration en production multim\u00e9dia) de l&rsquo;Universit\u00e9 de Sherbrooke. Il consiste en un exemple de visite guid\u00e9e par baladodiffusion pour le Vieux-Montr\u00e9al. La visite autoguid\u00e9e officielle du Vieux-Montr\u00e9al sugg\u00e8re 20 lieux d\u2019int\u00e9r\u00eats. Comme ce [&hellip;]<\/p>\n","protected":false},"author":3,"featured_media":0,"parent":0,"menu_order":0,"comment_status":"open","ping_status":"closed","template":"","meta":{"footnotes":""},"class_list":["post-2","page","type-page","status-publish","hentry"],"_links":{"self":[{"href":"https:\/\/balado-montreal.espaceweb.usherbrooke.ca\/index.php?rest_route=\/wp\/v2\/pages\/2","targetHints":{"allow":["GET"]}}],"collection":[{"href":"https:\/\/balado-montreal.espaceweb.usherbrooke.ca\/index.php?rest_route=\/wp\/v2\/pages"}],"about":[{"href":"https:\/\/balado-montreal.espaceweb.usherbrooke.ca\/index.php?rest_route=\/wp\/v2\/types\/page"}],"author":[{"embeddable":true,"href":"https:\/\/balado-montreal.espaceweb.usherbrooke.ca\/index.php?rest_route=\/wp\/v2\/users\/3"}],"replies":[{"embeddable":true,"href":"https:\/\/balado-montreal.espaceweb.usherbrooke.ca\/index.php?rest_route=%2Fwp%2Fv2%2Fcomments&post=2"}],"version-history":[{"count":0,"href":"https:\/\/balado-montreal.espaceweb.usherbrooke.ca\/index.php?rest_route=\/wp\/v2\/pages\/2\/revisions"}],"wp:attachment":[{"href":"https:\/\/balado-montreal.espaceweb.usherbrooke.ca\/index.php?rest_route=%2Fwp%2Fv2%2Fmedia&parent=2"}],"curies":[{"name":"wp","href":"https:\/\/api.w.org\/{rel}","templated":true}]}}